{"id":2432,"date":"2025-07-30T08:12:06","date_gmt":"2025-07-30T12:12:06","guid":{"rendered":"https:\/\/laspampas.gob.ec\/cotopaxi\/?page_id=2432"},"modified":"2025-08-12T16:03:11","modified_gmt":"2025-08-12T20:03:11","slug":"rendicion-de-cuentas-2024","status":"publish","type":"page","link":"https:\/\/laspampas.gob.ec\/cotopaxi\/rendicion-de-cuentas-2024\/","title":{"rendered":"Rendici\u00f3n de Cuentas 2024"},"content":{"rendered":"<p>Fase 1<\/p>\n<p><a href=\"https:\/\/laspampas.gob.ec\/cotopaxi\/wp-content\/uploads\/2025\/07\/1.-Conformacion-del-equipo-de-Rendicion-de-Cuentas.pdf\">1. Conformaci\u00f3n del equipo de Rendicion de Cuentas<\/a><\/p>\n<p><a href=\"https:\/\/laspampas.gob.ec\/cotopaxi\/wp-content\/uploads\/2025\/07\/2.-Conformacion-de-equipo-Rendicion-de-Cuentas-ACL.pdf\">2. Conformaci\u00f3n de equipo Rendicion de Cuentas ACL<\/a><a href=\"https:\/\/laspampas.gob.ec\/cotopaxi\/wp-content\/uploads\/2025\/07\/6.-Conformacion-del-equipo-mixto.pdf\">6. Conformaci\u00f3n del equipo mixto<\/a><\/p>\n<p><a href=\"https:\/\/laspampas.gob.ec\/cotopaxi\/wp-content\/uploads\/2025\/07\/3.-Hoja-de-ruta-y-mapeo-de-actores-sociales.pdf\">3. Hoja de ruta y mapeo de actores sociales<\/a><\/p>\n<p><a href=\"https:\/\/laspampas.gob.ec\/cotopaxi\/wp-content\/uploads\/2025\/07\/4.-Entrega-de-documentos-POA-PDOT-Plan-de-Trabajo-Presupuesto-Participativo-e-Institucional.pdf\">4. Entrega de documentos (POA, PDOT, Plan de Trabajo, Presupuesto Participativo e Institucional)<\/a><\/p>\n<p><a href=\"https:\/\/laspampas.gob.ec\/cotopaxi\/wp-content\/uploads\/2025\/07\/5.-Consulta-ciudadana-Entrega-Recepcion-de-Temas.pdf\">5. Consulta ciudadana &#8211; Entrega Recepci\u00f3n de Temas<\/a><\/p>\n<p><a href=\"https:\/\/laspampas.gob.ec\/cotopaxi\/wp-content\/uploads\/2025\/07\/6.-Conformacion-del-equipo-mixto.pdf\">6. Conformaci\u00f3n del equipo mixto<\/a><\/p>\n<p>Fase 2<\/p>\n<p><a href=\"https:\/\/laspampas.gob.ec\/cotopaxi\/wp-content\/uploads\/2025\/08\/EVALUACION-DE-GESTION-INSTITUCIONAL-ANO-FISCAL-2024.pdf\">1. Evaluaci\u00f3n de la gesti\u00f3n institucional<\/a><\/p>\n<p><a href=\"https:\/\/laspampas.gob.ec\/cotopaxi\/wp-content\/uploads\/2025\/08\/INFORME-DE-RENDICION-DE-CUENTAS.pdf\">2. Informe de rendici\u00f3n de cuentas 2024<\/a><\/p>\n<p><a href=\"https:\/\/laspampas.gob.ec\/cotopaxi\/wp-content\/uploads\/2025\/08\/FORMULARIO-DE-RENDICION-DE-CUENTAS.pdf\">3. Formulario de rendici\u00f3n de cuentas 2024<\/a><\/p>\n<p><a href=\"https:\/\/laspampas.gob.ec\/cotopaxi\/wp-content\/uploads\/2025\/08\/APROBACION-DE-INFORME-DE-RENDICION-DE-CUENTAS.pdf\">4. Aprobaci\u00f3n de informe y formulario de rendici\u00f3n de cuentas 2024<\/a><\/p>\n<p><a href=\"https:\/\/laspampas.gob.ec\/cotopaxi\/wp-content\/uploads\/2025\/08\/ENTREGA-INFORME-DE-RENDICION-DE-CUENTAS-A-ACL.pdf\">5. Informe de rendici\u00f3n de cuentas 2024 entregado a ACL<\/a><\/p>\n<p>Fase 3<\/p>\n<p><a href=\"https:\/\/laspampas.gob.ec\/cotopaxi\/wp-content\/uploads\/2025\/08\/DIFUNSION-DE-INVITACION.pdf\">1. La entidad difundi\u00f3 el informe de rendici\u00f3n de cuentas 2024<\/a><\/p>\n<p><a href=\"https:\/\/laspampas.gob.ec\/cotopaxi\/wp-content\/uploads\/2025\/08\/508822534_657577353994735_6856191096501823789_n.jpg\">2. Invitaci\u00f3n de la deliberaci\u00f3n p\u00fablica<\/a><\/p>\n<p><img loading=\"lazy\" decoding=\"async\" class=\"alignnone size-medium wp-image-4180\" src=\"https:\/\/laspampas.gob.ec\/cotopaxi\/wp-content\/uploads\/2025\/08\/508822534_657577353994735_6856191096501823789_n-550x775.jpg\" alt=\"\" width=\"550\" height=\"775\" srcset=\"https:\/\/laspampas.gob.ec\/cotopaxi\/wp-content\/uploads\/2025\/08\/508822534_657577353994735_6856191096501823789_n-550x775.jpg 550w, https:\/\/laspampas.gob.ec\/cotopaxi\/wp-content\/uploads\/2025\/08\/508822534_657577353994735_6856191096501823789_n-726x1024.jpg 726w, https:\/\/laspampas.gob.ec\/cotopaxi\/wp-content\/uploads\/2025\/08\/508822534_657577353994735_6856191096501823789_n-768x1083.jpg 768w, https:\/\/laspampas.gob.ec\/cotopaxi\/wp-content\/uploads\/2025\/08\/508822534_657577353994735_6856191096501823789_n.jpg 908w\" sizes=\"auto, (max-width: 550px) 100vw, 550px\" \/><\/p>\n<p><a href=\"https:\/\/laspampas.gob.ec\/cotopaxi\/wp-content\/uploads\/2025\/08\/FDownloader.Net_AQPkPdXXoG3Eo6EC_uMkeV7HYhL2FxM1NL-K7C-y8Ck03u-cQ04VMi-fMLJ6Uqy-Gn8H6g9pd7LLzrd-oab1VkXxZTeGZr9NyqJDoXlHPCyHjR7vLQ_720p_HD.mp4\">3. Deliberaci\u00f3n p\u00fablica presencial y en vivo<\/a><\/p>\n<div style=\"width: 432px;\" class=\"wp-video\"><video class=\"wp-video-shortcode\" id=\"video-2432-1\" width=\"432\" height=\"768\" preload=\"metadata\" controls=\"controls\"><source type=\"video\/mp4\" src=\"https:\/\/laspampas.gob.ec\/cotopaxi\/wp-content\/uploads\/2025\/08\/FDownloader.Net_AQPkPdXXoG3Eo6EC_uMkeV7HYhL2FxM1NL-K7C-y8Ck03u-cQ04VMi-fMLJ6Uqy-Gn8H6g9pd7LLzrd-oab1VkXxZTeGZr9NyqJDoXlHPCyHjR7vLQ_720p_HD.mp4?_=1\" \/><a href=\"https:\/\/laspampas.gob.ec\/cotopaxi\/wp-content\/uploads\/2025\/08\/FDownloader.Net_AQPkPdXXoG3Eo6EC_uMkeV7HYhL2FxM1NL-K7C-y8Ck03u-cQ04VMi-fMLJ6Uqy-Gn8H6g9pd7LLzrd-oab1VkXxZTeGZr9NyqJDoXlHPCyHjR7vLQ_720p_HD.mp4\">https:\/\/laspampas.gob.ec\/cotopaxi\/wp-content\/uploads\/2025\/08\/FDownloader.Net_AQPkPdXXoG3Eo6EC_uMkeV7HYhL2FxM1NL-K7C-y8Ck03u-cQ04VMi-fMLJ6Uqy-Gn8H6g9pd7LLzrd-oab1VkXxZTeGZr9NyqJDoXlHPCyHjR7vLQ_720p_HD.mp4<\/a><\/video><\/div>\n<p><a href=\"https:\/\/laspampas.gob.ec\/cotopaxi\/wp-content\/uploads\/2025\/08\/MAXIMA-AUTORIDAD-EXPONE-SU-INFORME-DE-RENDICION-DE-CUENTAS.pdf\">4. La m\u00e1xima autoridad expone su informe de rendici\u00f3n de cuentas 2024<\/a><\/p>\n<p><a href=\"https:\/\/laspampas.gob.ec\/cotopaxi\/wp-content\/uploads\/2025\/08\/MAXIMA-AUTORIDAD-RESPONDE-LAS-DEMANDAS-DE-LA-CIUDADANIA.pdf\">5. La m\u00e1xima autoridad responde las demandas ciudadanas<\/a><\/p>\n<p><a href=\"https:\/\/laspampas.gob.ec\/cotopaxi\/wp-content\/uploads\/2025\/08\/ACTA-DE-RENDICION-DE-CUENTAS-Y-NUMERO-DE-ASISTENTES.pdf\">6. Acta de deliberaci\u00f3n publica rendici\u00f3n de cuentas 2024<\/a><\/p>\n<p><a href=\"https:\/\/laspampas.gob.ec\/cotopaxi\/wp-content\/uploads\/2025\/08\/PRESENTACION-DE-RENDICION-DE-CUENTAS.pptx\">7. Diapositivas de la deliberaci\u00f3n p\u00fablica<\/a><\/p>\n<p>8. La ciudadan\u00eda deja constancia de sugerencias y\/o recomendaciones<\/p>\n<p>Fase 4<\/p>\n<p><a href=\"https:\/\/laspampas.gob.ec\/cotopaxi\/wp-content\/uploads\/2025\/08\/PLAN-DE-TRABAJO.pdf\">1. Plan de trabajo<\/a><\/p>\n<p><a href=\"https:\/\/laspampas.gob.ec\/cotopaxi\/wp-content\/uploads\/2025\/08\/PLAN-DE-TRABAJO-ENTREGADO-A-ACL.pdf\">2. Plan de trabajo entregado a ACL<\/a><\/p>\n<p>Documentos<\/p>\n<p><a href=\"https:\/\/laspampas.gob.ec\/cotopaxi\/wp-content\/uploads\/2025\/07\/INFORME-DE-RENDICION-DE-CUENTAS.pdf\">INFORME DE RENDICION DE CUENTAS<\/a><\/p>\n","protected":false},"excerpt":{"rendered":"<p>Fase 1 1. Conformaci\u00f3n del equipo de Rendicion de Cuentas 2. Conformaci\u00f3n de equipo Rendicion de Cuentas ACL6. Conformaci\u00f3n del equipo mixto 3. Hoja de ruta y mapeo de actores sociales 4. Entrega de documentos (POA, PDOT, Plan de Trabajo, Presupuesto Participativo e Institucional) 5. Consulta ciudadana &#8211; Entrega Recepci\u00f3n de Temas 6. Conformaci\u00f3n del [&hellip;]<\/p>\n","protected":false},"author":2,"featured_media":0,"parent":0,"menu_order":0,"comment_status":"closed","ping_status":"closed","template":"","meta":{"footnotes":""},"class_list":["post-2432","page","type-page","status-publish","hentry"],"yoast_head":"<!-- This site is optimized with the Yoast SEO plugin v27.5 - https:\/\/yoast.com\/product\/yoast-seo-wordpress\/ -->\n<title>Rendici\u00f3n de Cuentas 2024 - GAD parroquial Las Pampas<\/title>\n<meta name=\"robots\" content=\"index, follow, max-snippet:-1, max-image-preview:large, max-video-preview:-1\" \/>\n<link rel=\"canonical\" href=\"https:\/\/laspampas.gob.ec\/cotopaxi\/rendicion-de-cuentas-2024\/\" \/>\n<meta property=\"og:locale\" content=\"es_ES\" \/>\n<meta property=\"og:type\" content=\"article\" \/>\n<meta property=\"og:title\" content=\"Rendici\u00f3n de Cuentas 2024 - GAD parroquial Las Pampas\" \/>\n<meta property=\"og:description\" content=\"Fase 1 1. Conformaci\u00f3n del equipo de Rendicion de Cuentas 2. Conformaci\u00f3n de equipo Rendicion de Cuentas ACL6. Conformaci\u00f3n del equipo mixto 3. Hoja de ruta y mapeo de actores sociales 4. Entrega de documentos (POA, PDOT, Plan de Trabajo, Presupuesto Participativo e Institucional) 5. Consulta ciudadana &#8211; Entrega Recepci\u00f3n de Temas 6. Conformaci\u00f3n del [&hellip;]\" \/>\n<meta property=\"og:url\" content=\"https:\/\/laspampas.gob.ec\/cotopaxi\/rendicion-de-cuentas-2024\/\" \/>\n<meta property=\"og:site_name\" content=\"GAD parroquial Las Pampas\" \/>\n<meta property=\"article:modified_time\" content=\"2025-08-12T20:03:11+00:00\" \/>\n<meta property=\"og:image\" content=\"https:\/\/laspampas.gob.ec\/cotopaxi\/wp-content\/uploads\/2025\/08\/508822534_657577353994735_6856191096501823789_n.jpg\" \/>\n\t<meta property=\"og:image:width\" content=\"908\" \/>\n\t<meta property=\"og:image:height\" content=\"1280\" \/>\n\t<meta property=\"og:image:type\" content=\"image\/jpeg\" \/>\n<meta name=\"twitter:card\" content=\"summary_large_image\" \/>\n<meta name=\"twitter:label1\" content=\"Tiempo de lectura\" \/>\n\t<meta name=\"twitter:data1\" content=\"2 minutos\" \/>\n<script type=\"application\/ld+json\" class=\"yoast-schema-graph\">{\"@context\":\"https:\\\/\\\/schema.org\",\"@graph\":[{\"@type\":\"WebPage\",\"@id\":\"https:\\\/\\\/laspampas.gob.ec\\\/cotopaxi\\\/rendicion-de-cuentas-2024\\\/\",\"url\":\"https:\\\/\\\/laspampas.gob.ec\\\/cotopaxi\\\/rendicion-de-cuentas-2024\\\/\",\"name\":\"Rendici\u00f3n de Cuentas 2024 - GAD parroquial Las Pampas\",\"isPartOf\":{\"@id\":\"https:\\\/\\\/laspampas.gob.ec\\\/cotopaxi\\\/#website\"},\"primaryImageOfPage\":{\"@id\":\"https:\\\/\\\/laspampas.gob.ec\\\/cotopaxi\\\/rendicion-de-cuentas-2024\\\/#primaryimage\"},\"image\":{\"@id\":\"https:\\\/\\\/laspampas.gob.ec\\\/cotopaxi\\\/rendicion-de-cuentas-2024\\\/#primaryimage\"},\"thumbnailUrl\":\"https:\\\/\\\/laspampas.gob.ec\\\/cotopaxi\\\/wp-content\\\/uploads\\\/2025\\\/08\\\/508822534_657577353994735_6856191096501823789_n-550x775.jpg\",\"datePublished\":\"2025-07-30T12:12:06+00:00\",\"dateModified\":\"2025-08-12T20:03:11+00:00\",\"breadcrumb\":{\"@id\":\"https:\\\/\\\/laspampas.gob.ec\\\/cotopaxi\\\/rendicion-de-cuentas-2024\\\/#breadcrumb\"},\"inLanguage\":\"es\",\"potentialAction\":[{\"@type\":\"ReadAction\",\"target\":[\"https:\\\/\\\/laspampas.gob.ec\\\/cotopaxi\\\/rendicion-de-cuentas-2024\\\/\"]}]},{\"@type\":\"ImageObject\",\"inLanguage\":\"es\",\"@id\":\"https:\\\/\\\/laspampas.gob.ec\\\/cotopaxi\\\/rendicion-de-cuentas-2024\\\/#primaryimage\",\"url\":\"https:\\\/\\\/laspampas.gob.ec\\\/cotopaxi\\\/wp-content\\\/uploads\\\/2025\\\/08\\\/508822534_657577353994735_6856191096501823789_n.jpg\",\"contentUrl\":\"https:\\\/\\\/laspampas.gob.ec\\\/cotopaxi\\\/wp-content\\\/uploads\\\/2025\\\/08\\\/508822534_657577353994735_6856191096501823789_n.jpg\",\"width\":908,\"height\":1280},{\"@type\":\"BreadcrumbList\",\"@id\":\"https:\\\/\\\/laspampas.gob.ec\\\/cotopaxi\\\/rendicion-de-cuentas-2024\\\/#breadcrumb\",\"itemListElement\":[{\"@type\":\"ListItem\",\"position\":1,\"name\":\"Home\",\"item\":\"https:\\\/\\\/laspampas.gob.ec\\\/cotopaxi\\\/\"},{\"@type\":\"ListItem\",\"position\":2,\"name\":\"Rendici\u00f3n de Cuentas 2024\"}]},{\"@type\":\"WebSite\",\"@id\":\"https:\\\/\\\/laspampas.gob.ec\\\/cotopaxi\\\/#website\",\"url\":\"https:\\\/\\\/laspampas.gob.ec\\\/cotopaxi\\\/\",\"name\":\"GAD Parroquial de las Pampas\",\"description\":\"Sitio Oficial del GAD Parroquial de Palo Quemado Cotopaxi\",\"publisher\":{\"@id\":\"https:\\\/\\\/laspampas.gob.ec\\\/cotopaxi\\\/#organization\"},\"potentialAction\":[{\"@type\":\"SearchAction\",\"target\":{\"@type\":\"EntryPoint\",\"urlTemplate\":\"https:\\\/\\\/laspampas.gob.ec\\\/cotopaxi\\\/?s={search_term_string}\"},\"query-input\":{\"@type\":\"PropertyValueSpecification\",\"valueRequired\":true,\"valueName\":\"search_term_string\"}}],\"inLanguage\":\"es\"},{\"@type\":\"Organization\",\"@id\":\"https:\\\/\\\/laspampas.gob.ec\\\/cotopaxi\\\/#organization\",\"name\":\"GAD Parroquial de Las Pampas\",\"url\":\"https:\\\/\\\/laspampas.gob.ec\\\/cotopaxi\\\/\",\"logo\":{\"@type\":\"ImageObject\",\"inLanguage\":\"es\",\"@id\":\"https:\\\/\\\/laspampas.gob.ec\\\/cotopaxi\\\/#\\\/schema\\\/logo\\\/image\\\/\",\"url\":\"https:\\\/\\\/laspampas.gob.ec\\\/cotopaxi\\\/wp-content\\\/uploads\\\/2020\\\/06\\\/logoFooter.png\",\"contentUrl\":\"https:\\\/\\\/laspampas.gob.ec\\\/cotopaxi\\\/wp-content\\\/uploads\\\/2020\\\/06\\\/logoFooter.png\",\"width\":160,\"height\":156,\"caption\":\"GAD Parroquial de Las Pampas\"},\"image\":{\"@id\":\"https:\\\/\\\/laspampas.gob.ec\\\/cotopaxi\\\/#\\\/schema\\\/logo\\\/image\\\/\"}}]}<\/script>\n<!-- \/ Yoast SEO plugin. -->","yoast_head_json":{"title":"Rendici\u00f3n de Cuentas 2024 - GAD parroquial Las Pampas","robots":{"index":"index","follow":"follow","max-snippet":"max-snippet:-1","max-image-preview":"max-image-preview:large","max-video-preview":"max-video-preview:-1"},"canonical":"https:\/\/laspampas.gob.ec\/cotopaxi\/rendicion-de-cuentas-2024\/","og_locale":"es_ES","og_type":"article","og_title":"Rendici\u00f3n de Cuentas 2024 - GAD parroquial Las Pampas","og_description":"Fase 1 1. Conformaci\u00f3n del equipo de Rendicion de Cuentas 2. Conformaci\u00f3n de equipo Rendicion de Cuentas ACL6. Conformaci\u00f3n del equipo mixto 3. Hoja de ruta y mapeo de actores sociales 4. Entrega de documentos (POA, PDOT, Plan de Trabajo, Presupuesto Participativo e Institucional) 5. Consulta ciudadana &#8211; Entrega Recepci\u00f3n de Temas 6. Conformaci\u00f3n del [&hellip;]","og_url":"https:\/\/laspampas.gob.ec\/cotopaxi\/rendicion-de-cuentas-2024\/","og_site_name":"GAD parroquial Las Pampas","article_modified_time":"2025-08-12T20:03:11+00:00","og_image":[{"width":908,"height":1280,"url":"https:\/\/laspampas.gob.ec\/cotopaxi\/wp-content\/uploads\/2025\/08\/508822534_657577353994735_6856191096501823789_n.jpg","type":"image\/jpeg"}],"twitter_card":"summary_large_image","twitter_misc":{"Tiempo de lectura":"2 minutos"},"schema":{"@context":"https:\/\/schema.org","@graph":[{"@type":"WebPage","@id":"https:\/\/laspampas.gob.ec\/cotopaxi\/rendicion-de-cuentas-2024\/","url":"https:\/\/laspampas.gob.ec\/cotopaxi\/rendicion-de-cuentas-2024\/","name":"Rendici\u00f3n de Cuentas 2024 - GAD parroquial Las Pampas","isPartOf":{"@id":"https:\/\/laspampas.gob.ec\/cotopaxi\/#website"},"primaryImageOfPage":{"@id":"https:\/\/laspampas.gob.ec\/cotopaxi\/rendicion-de-cuentas-2024\/#primaryimage"},"image":{"@id":"https:\/\/laspampas.gob.ec\/cotopaxi\/rendicion-de-cuentas-2024\/#primaryimage"},"thumbnailUrl":"https:\/\/laspampas.gob.ec\/cotopaxi\/wp-content\/uploads\/2025\/08\/508822534_657577353994735_6856191096501823789_n-550x775.jpg","datePublished":"2025-07-30T12:12:06+00:00","dateModified":"2025-08-12T20:03:11+00:00","breadcrumb":{"@id":"https:\/\/laspampas.gob.ec\/cotopaxi\/rendicion-de-cuentas-2024\/#breadcrumb"},"inLanguage":"es","potentialAction":[{"@type":"ReadAction","target":["https:\/\/laspampas.gob.ec\/cotopaxi\/rendicion-de-cuentas-2024\/"]}]},{"@type":"ImageObject","inLanguage":"es","@id":"https:\/\/laspampas.gob.ec\/cotopaxi\/rendicion-de-cuentas-2024\/#primaryimage","url":"https:\/\/laspampas.gob.ec\/cotopaxi\/wp-content\/uploads\/2025\/08\/508822534_657577353994735_6856191096501823789_n.jpg","contentUrl":"https:\/\/laspampas.gob.ec\/cotopaxi\/wp-content\/uploads\/2025\/08\/508822534_657577353994735_6856191096501823789_n.jpg","width":908,"height":1280},{"@type":"BreadcrumbList","@id":"https:\/\/laspampas.gob.ec\/cotopaxi\/rendicion-de-cuentas-2024\/#breadcrumb","itemListElement":[{"@type":"ListItem","position":1,"name":"Home","item":"https:\/\/laspampas.gob.ec\/cotopaxi\/"},{"@type":"ListItem","position":2,"name":"Rendici\u00f3n de Cuentas 2024"}]},{"@type":"WebSite","@id":"https:\/\/laspampas.gob.ec\/cotopaxi\/#website","url":"https:\/\/laspampas.gob.ec\/cotopaxi\/","name":"GAD Parroquial de las Pampas","description":"Sitio Oficial del GAD Parroquial de Palo Quemado Cotopaxi","publisher":{"@id":"https:\/\/laspampas.gob.ec\/cotopaxi\/#organization"},"potentialAction":[{"@type":"SearchAction","target":{"@type":"EntryPoint","urlTemplate":"https:\/\/laspampas.gob.ec\/cotopaxi\/?s={search_term_string}"},"query-input":{"@type":"PropertyValueSpecification","valueRequired":true,"valueName":"search_term_string"}}],"inLanguage":"es"},{"@type":"Organization","@id":"https:\/\/laspampas.gob.ec\/cotopaxi\/#organization","name":"GAD Parroquial de Las Pampas","url":"https:\/\/laspampas.gob.ec\/cotopaxi\/","logo":{"@type":"ImageObject","inLanguage":"es","@id":"https:\/\/laspampas.gob.ec\/cotopaxi\/#\/schema\/logo\/image\/","url":"https:\/\/laspampas.gob.ec\/cotopaxi\/wp-content\/uploads\/2020\/06\/logoFooter.png","contentUrl":"https:\/\/laspampas.gob.ec\/cotopaxi\/wp-content\/uploads\/2020\/06\/logoFooter.png","width":160,"height":156,"caption":"GAD Parroquial de Las Pampas"},"image":{"@id":"https:\/\/laspampas.gob.ec\/cotopaxi\/#\/schema\/logo\/image\/"}}]}},"_links":{"self":[{"href":"https:\/\/laspampas.gob.ec\/cotopaxi\/wp-json\/wp\/v2\/pages\/2432","targetHints":{"allow":["GET"]}}],"collection":[{"href":"https:\/\/laspampas.gob.ec\/cotopaxi\/wp-json\/wp\/v2\/pages"}],"about":[{"href":"https:\/\/laspampas.gob.ec\/cotopaxi\/wp-json\/wp\/v2\/types\/page"}],"author":[{"embeddable":true,"href":"https:\/\/laspampas.gob.ec\/cotopaxi\/wp-json\/wp\/v2\/users\/2"}],"replies":[{"embeddable":true,"href":"https:\/\/laspampas.gob.ec\/cotopaxi\/wp-json\/wp\/v2\/comments?post=2432"}],"version-history":[{"count":19,"href":"https:\/\/laspampas.gob.ec\/cotopaxi\/wp-json\/wp\/v2\/pages\/2432\/revisions"}],"predecessor-version":[{"id":4217,"href":"https:\/\/laspampas.gob.ec\/cotopaxi\/wp-json\/wp\/v2\/pages\/2432\/revisions\/4217"}],"wp:attachment":[{"href":"https:\/\/laspampas.gob.ec\/cotopaxi\/wp-json\/wp\/v2\/media?parent=2432"}],"curies":[{"name":"wp","href":"https:\/\/api.w.org\/{rel}","templated":true}]}}